hat is the remainder when 97 is divided by k?
19
Let q = 914 - 904. What is the remainder when q is divided by 4?
2
Let c = -7810 - -7844. Suppose g = -g + 404. What is the remainder when g is divided by c?
32
Let g be (-14)/49 - ((-432)/14)/3. Suppose g*s - 8*s = 26. What is the remainder when s is divided by 7?
6
Let a = -269 + 291. What is the remainder when 669 is divided by a?
9
Let c(y) = -y**2 + 5*y - 2. Let l be c(1). Let w = l - -89. What is the remainder when w is divided by 19?
15
Calculate the remainder when 11/((-9)/(-6) + (-1020)/696) is divided by 32.
31
What is the remainder when (-7 - (-3 - 3))/(2/(-38)) is divided by (4 - -4) + (1 - -2)?
8
Suppose n + 35 = 6*n. Let c(j) = 0 + 6 - n*j + 2*j + 0. What is the remainder when c(-8) is divided by 16?
14
Calculate the remainder when ((-18)/(-12))/((-18)/(-1428)) is divided by 20.
19
Let x(p) = -p**3 - 24*p**2 - 46*p - 29. What is the remainder when x(-22) is divided by 12?
3
Let w(g) be the first derivative of -g**2/2 + 51*g + 13. Calculate the remainder when w(0) is divided by 13.
12
Suppose -b = 3*b - 5*q + 7, 3*b = 3*q - 6. Let o(h) = -4*h**3 + 8*h + 4. Calculate the remainder when o(b) is divided by 30.
28
Let b(j) = -2*j**3 + 19*j**2 + 11*j + 23. Let x(s) = s**3 - 10*s**2 - 5*s - 12. Let q(m) = 3*b(m) + 5*x(m). Calculate the remainder when 44 is divided by q(8).
8
Let l(c) = 6*c + 7. Let q be l(-7). What is the remainder when 35 is divided by (q + -1)*2/(-4)?
17
Let t(d) = -d**3 + 14*d**2 - 22*d + 32. Calculate the remainder when t(11) is divided by 6.
3
Let x = -7 + -123. Let f = -116 - x. Calculate the remainder when f is divided by 8.
6
Let j(y) = y + 13. What is the remainder when j(-9) is divided by (-110)/(-77) + (-15)/35?
0
Let q = -137 + 266. Calculate the remainder when q is divided by 34.
27
Suppose 2*v = p + 224, 0 = 44*v - 40*v + 2*p - 448. What is the remainder when v is divided by 13?
8
Suppose 13*k - 62 - 42 = 0. What is the remainder when 31 is divided by (-33)/k - 10/(-80) - -11?
3
Let s(p) = p**2 + 23*p + 65. What is the remainder when 383 is divided by s(-3)?
3
Let d(s) = s**3 - 10*s**2 + 40*s + 13. Calculate the remainder when d(6) is divided by 22.
21
Let g be ((-49)/2)/(6/(-24)). Suppose -5*o + g = 2*c, 2*c = 4*c - 4*o - 80. What is the remainder when c is divided by 12?
8
Let q(c) = c**2 - 25*c + 24. What is the remainder when 118 is divided by q(25)?
22
Suppose -w + 15 = 4*t, -3*t = -2*w + 14 + 16. Suppose p - 99 = -2*p. Let c = 25 + p. What is the remainder when c is divided by w?
13
Suppose 2*f - 624 = 12. Suppose 5*w - f = -53. Calculate the remainder when w is divided by -5*14*4/(-20).
11
Let b(n) = 2*n**2 + 2*n - 4. Let q(y) = -y + 3 - 2 + 9 + 10*y + y**2. What is the remainder when b(4) is divided by q(-9)?
6
Let r(q) = 2*q + 36. Let a be r(-13). Suppose 9*t = a*t - 50. Calculate the remainder when t is divided by 26.
24
Let z = 46 - 36. Let g(i) = 2*i**2 - 20*i + 8. Calculate the remainder when 22 is divided by g(z).
6
What is the remainder when 11172/8 + (-6)/4 is divided by 70?
65
Let n be 14/(-6)*(-42 + 0). Let o = n - 91. What is the remainder when 16 is divided by o?
2
Suppose -10 = 5*t, -3*t + 124 = 3*z + 43. Let y = 1102 + -1094. What is the remainder when z is divided by y?
5
Suppose -5*i + 383 = 3*j, 2*i + 16*j = 12*j + 142. Let z = 161 + -106. Suppose 3*y - c = z, -2*y + 9 + 6 = -5*c. Calculate the remainder when i is divided by y.
19
Let d(z) = -2*z**2 + 34*z + 43. Calculate the remainder when 223 is divided by d(16).
73
Calculate the remainder when 1910/18 + 1 + 6/(-54) is divided by 11.
8
Let n be 0/(-1) + (31 - (1 - 0)). Suppose 0 = -2*p - 2*o + n, -4*p + 40 = -2*o - 32. Calculate the remainder when p is divided by 5.
2
Let g = -55 - -59. Suppose 8 = -2*v, 0 = g*r - 3*v + v - 52. Calculate the remainder when 28 is divided by r.
6
Let d = -17 + 41. What is the remainder when (-6 + 24)*(2 - 2/(-4)) is divided by d?
21
Suppose 4*b + 5*l + 745 = 2406, -2*b = 3*l - 831. What is the remainder when b is divided by 32?
30
Suppose 5*j + 4*f + 14 = 74, -24 = -2*j + 4*f. Suppose 5*c - j - 53 = 0. Let m = -251 - -287. Calculate the remainder when m is divided by c.
10
Let b(d) = 9*d**3 - 2*d**2 - 3*d + 4. What is the remainder when 71 is divided by b(1)?
7
Suppose 3*k = -k + v + 318, 3*v - 6 = 0. Calculate the remainder when 234 is divided by k.
74
What is the remainder when 212 is divided by 82/(-697) + 412/34?
8
Suppose 3*u + 10 = u. Calculate the remainder when ((-154)/6)/(u/15) is divided by 16.
13
Suppose -39 + 75 = 4*d. Calculate the remainder when 401 is divided by d.
5
Suppose 4*k = 5*h - 3*h - 20, 2*h - k - 14 = 0. Let q = 37 - 33. Suppose -q*s - 5*y = -15, 5*s - 45 = -y - 0*y. What is the remainder when s is divided by h?
4
Let z(r) = -20*r - 114. Let m(i) = -35*i - 3. Calculate the remainder when m(-3) is divided by z(-7).
24
Suppose 40 = 3*w + 5*f, -2*w - 3*w + 5*f = -40. Let r be (-21)/14*(-4)/6. Calculate the remainder when ((-6)/12)/(-2*r/108) is divided by w.
7
Let k = -20 - -14. Let y = k + 24. Let t = 58 - 53. Calculate the remainder when y is divided by t.
3
Suppose -441 = -24*x + 17*x. What is the remainder when x is divided by 32?
31
Let d = 180 - 177. Calculate the remainder when 4 is divided by d.
1
Suppose 9*m - 4 = 8*m. Suppose -m*y = -5*v - 97, 0 = -5*y + 4*v + v + 115. Suppose k - y = -0. Calculate the remainder when 68 is divided by k.
14
Let z(h) = h**2 + 7*h + 14. Let q be z(-7). Let v = 45 - q. What is the remainder when 61 is divided by v?
30
Suppose 5*m + 72 - 272 = 0. Suppose 36*u - m = 32*u. Calculate the remainder when u is divided by 2*4/(4/2).
2
Suppose 95 = 3*k - 106. Let l = k + 70. What is the remainder when l is divided by 28?
25
Suppose 5*f + 2*j - 34 = 0, -2*f + 5*f - 36 = 4*j. What is the remainder when 13 is divided by f?
5
Let a = -131 - -185. What is the remainder when a is divided by 11?
10
Suppose 3*k = 4*w - 15, 3*k + 0 = -w - 15. Let n(x) = -x + 6*x**2 + 4*x**3 - 6*x**3 + 8 + w*x**2 + 3*x**3. What is the remainder when n(-4) is divided by 15?
14
Let c be (5 - 4)/(0 - (-2)/20). Suppose -2*j + 38 = 5*w, -j + c*w + 32 = 6*w. What is the remainder when 70 is divided by j?
22
Let p = -241 - -331. Calculate the remainder when p is divided by 20.
10
Let l = 50 - 17. Suppose -2*v + 4*v = u - l, 4*u = -5*v + 67. Suppose b - 4*b = -27. What is the remainder when u is divided by b?
5
Let j(g) = -7*g + 235. Calculate the remainder when j(27) is divided by 30.
16
Suppose 78*j - 75*j = 2*g - 8, -2*g - 4*j = -36. What is the remainder when 45 is divided by g?
5
Let a(n) = 338*n**2 + 5*n - 2. Calculate the remainder when a(-1) is divided by 37.
35
Let b = -2719 + 4697. Calculate the remainder when b is divided by 66.
64
Let l = -213 - -246. What is the remainder when 123 is divided by l?
24
What is the remainder when 43 + 2 + 1 + -2 is divided by 23?
21
Suppose 0 = 12*u - 2908 + 940. What is the remainder when u is divided by 62?
40
Let z(k) = -k**2 - 10*k + 1. Let v = 23 - 20. Let d(r) = -2*r**2 - 20*r + 3. Let p(n) = v*d(n) - 5*z(n). Calculate the remainder when 7 is divided by p(-10).
3
Let o(g) = 2*g**2 + g - 339. What is the remainder when (0 - (-32)/2)*2 is divided by o(13)?
8
Let h(l) = l**3 - l + 46. Suppose -2*s + 4 = 0, t + 4*s - 3*s + 19 = 0. Let y = -5 - t. What is the remainder when h(0) is divided by y?
14
Suppose 0 = i + p - 1, 2*p + 3 = 7. Calculate the remainder when (-110)/i + 30/30 is divided by 16.
15
Suppose 4*a - 42 = -3*c + 2*c, 21 = a - 5*c. Let y(g) = g**3 - 5*g**2 + 2*g - 4. Calculate the remainder when a is divided by y(5).
5
Suppose -5*r + y = -10*r + 243, 2*r + 3*y = 92. What is the remainder when 331 is divided by r?
37
Let w = 42 - 34. Let k(u) = 3*u + 2. Let d = 148 + -99. What is the remainder when d is divided by k(w)?
23
Suppose -2*d + 83 - 11 = a, -2*a + 179 = 5*d. Calculate the remainder when 138 is divided by d.
33
Let o(f) = -32*f + 397. What is the remainder when 100 is divided by o(12)?
9
Suppose 4*d + 4*a = 348, 58*d - 2*a + 90 = 59*d. Calculate the remainder when 503 is divided by d.
83
Let n(z) = 3*z**2 - 7*z - 27. Calculate the remainder when n(-7) is divided by 40.
9
Suppose -41*h = -66*h + 3150. Calculate the remainder when h is divided by 43.
40
Let m = -149